{"id":54,"date":"2023-08-26T06:16:26","date_gmt":"2023-08-26T06:16:26","guid":{"rendered":"https:\/\/citizenserver.com\/?page_id=54"},"modified":"2023-08-26T06:16:26","modified_gmt":"2023-08-26T06:16:26","slug":"privacy-policy-2","status":"publish","type":"page","link":"https:\/\/citizenserver.com\/?page_id=54","title":{"rendered":"Privacy Policy"},"content":{"rendered":"\n<p>Stand: 2023<\/p>\n\n\n\n<p>Wir freuen uns \u00fcber Ihr Interesse an unserer Website. Der Schutz Ihrer pers\u00f6nlichen Daten ist uns ein wichtiges Anliegen. Nachfolgend m\u00f6chten wir Sie dar\u00fcber informieren, welche Daten w\u00e4hrend Ihres Besuchs auf unserer Website erfasst und wie diese genutzt werden:<\/p>\n\n\n\n<ol class=\"wp-block-list\">\n<li>Verantwortliche Stelle Verantwortlich f\u00fcr die Verarbeitung Ihrer personenbezogenen Daten im Sinne der Datenschutzgrundverordnung (DSGVO) ist:<\/li>\n<\/ol>\n\n\n\n<p>Octagon Solutions<br>contact@octagon-solutions.biz<\/p>\n\n\n\n<ol class=\"wp-block-list\" start=\"2\">\n<li>Erfasste Daten und Zweck der Verarbeitung a) Beim Besuch der Website Beim Besuch unserer Website werden automatisch bestimmte Informationen von Ihrem Browser an unseren Server \u00fcbermittelt und in Log-Dateien gespeichert. Diese Informationen umfassen:<\/li>\n<\/ol>\n\n\n\n<ul class=\"wp-block-list\">\n<li>IP-Adresse des zugreifenden Rechners<\/li>\n\n\n\n<li>Datum und Uhrzeit des Zugriffs<\/li>\n\n\n\n<li>Name und URL der abgerufenen Datei<\/li>\n\n\n\n<li>Website, von der aus der Zugriff erfolgte<\/li>\n\n\n\n<li>Verwendeter Browser und Betriebssystem<\/li>\n<\/ul>\n\n\n\n<p>Diese Daten dienen ausschlie\u00dflich statistischen Auswertungen und zur Verbesserung der Website. Sie erm\u00f6glichen uns keine R\u00fcckschl\u00fcsse auf Ihre Person.<\/p>\n\n\n\n<p>b) Kontaktformular Wenn Sie unser Kontaktformular verwenden, um mit uns in Kontakt zu treten, werden die von Ihnen angegebenen Daten (wie Name, E-Mail-Adresse, Nachricht) zur Bearbeitung Ihrer Anfrage genutzt. Diese Daten werden nicht ohne Ihre Einwilligung an Dritte weitergegeben.<\/p>\n\n\n\n<ol class=\"wp-block-list\" start=\"3\">\n<li>Cookies Unsere Website verwendet Cookies, um die Benutzerfreundlichkeit zu verbessern. Cookies sind kleine Textdateien, die auf Ihrem Endger\u00e4t gespeichert werden. Einige der von uns verwendeten Cookies werden nach Ende der Browser-Sitzung wieder gel\u00f6scht (sogenannte Sitzungs-Cookies). Andere Cookies verbleiben auf Ihrem Endger\u00e4t und erm\u00f6glichen es uns, Ihren Browser beim n\u00e4chsten Besuch wiederzuerkennen (sogenannte dauerhafte Cookies).<\/li>\n\n\n\n<li>Ihre Rechte Sie haben das Recht, Auskunft \u00fcber die von uns verarbeiteten personenbezogenen Daten zu erhalten, sowie das Recht auf Berichtigung, L\u00f6schung oder Einschr\u00e4nkung der Verarbeitung dieser Daten. Dar\u00fcber hinaus steht Ihnen ein Widerspruchsrecht gegen die Verarbeitung zu Werbezwecken zu. Kontaktieren Sie uns dazu bitte unter den angegebenen Kontaktdaten.<\/li>\n\n\n\n<li>\u00c4nderungen der Datenschutzerkl\u00e4rung Wir behalten uns vor, diese Datenschutzerkl\u00e4rung anzupassen, um sie an ver\u00e4nderte Rechtslagen oder bei \u00c4nderungen unserer Dienstleistungen anzupassen. F\u00fcr Ihren erneuten Besuch gilt dann die neue Datenschutzerkl\u00e4rung.<\/li>\n<\/ol>\n\n\n\n<p>Bei weiteren Fragen zum Datenschutz auf unserer Website stehen wir Ihnen gerne zur Verf\u00fcgung.<\/p>\n","protected":false},"excerpt":{"rendered":"<p>Stand: 2023 Wir freuen uns \u00fcber Ihr Interesse an unserer Website. Der Schutz Ihrer pers\u00f6nlichen Daten ist uns ein wichtiges Anliegen. Nachfolgend m\u00f6chten wir Sie dar\u00fcber informieren, welche Daten w\u00e4hrend Ihres Besuchs auf unserer Website erfasst und wie diese genutzt werden: Octagon Solutionscontact@octagon-solutions.biz Diese Daten dienen ausschlie\u00dflich statistischen Auswertungen und zur Verbesserung der Website. Sie [&hellip;]<\/p>\n","protected":false},"author":1,"featured_media":0,"parent":0,"menu_order":0,"comment_status":"closed","ping_status":"closed","template":"","meta":{"footnotes":""},"class_list":["post-54","page","type-page","status-publish","hentry"],"_links":{"self":[{"href":"https:\/\/citizenserver.com\/index.php?rest_route=\/wp\/v2\/pages\/54","targetHints":{"allow":["GET"]}}],"collection":[{"href":"https:\/\/citizenserver.com\/index.php?rest_route=\/wp\/v2\/pages"}],"about":[{"href":"https:\/\/citizenserver.com\/index.php?rest_route=\/wp\/v2\/types\/page"}],"author":[{"embeddable":true,"href":"https:\/\/citizenserver.com\/index.php?rest_route=\/wp\/v2\/users\/1"}],"replies":[{"embeddable":true,"href":"https:\/\/citizenserver.com\/index.php?rest_route=%2Fwp%2Fv2%2Fcomments&post=54"}],"version-history":[{"count":1,"href":"https:\/\/citizenserver.com\/index.php?rest_route=\/wp\/v2\/pages\/54\/revisions"}],"predecessor-version":[{"id":55,"href":"https:\/\/citizenserver.com\/index.php?rest_route=\/wp\/v2\/pages\/54\/revisions\/55"}],"wp:attachment":[{"href":"https:\/\/citizenserver.com\/index.php?rest_route=%2Fwp%2Fv2%2Fmedia&parent=54"}],"curies":[{"name":"wp","href":"https:\/\/api.w.org\/{rel}","templated":true}]}}